{"id":26,"date":"2023-10-11T16:07:52","date_gmt":"2023-10-11T14:07:52","guid":{"rendered":"https:\/\/osteopathes-neufgrange.fr\/?page_id=26"},"modified":"2024-01-21T19:39:20","modified_gmt":"2024-01-21T18:39:20","slug":"mentions-legales","status":"publish","type":"page","link":"https:\/\/osteopathes-neufgrange.fr\/?page_id=26","title":{"rendered":"Mentions L\u00e9gales"},"content":{"rendered":"\t\t<div data-elementor-type=\"wp-page\" data-elementor-id=\"26\" class=\"elementor elementor-26\">\n\t\t\t\t\t\t\t<div class=\"elementor-element elementor-element-a7eba10 e-flex e-con-boxed e-con e-parent\" data-id=\"a7eba10\" data-element_type=\"container\" data-settings=\"{&quot;content_width&quot;:&quot;boxed&quot;}\" data-core-v316-plus=\"true\">\n\t\t\t\t\t<div class=\"e-con-inner\">\n\t\t\t\t<div class=\"elementor-element elementor-element-1ad2a8c elementor-widget elementor-widget-text-editor\" data-id=\"1ad2a8c\" data-element_type=\"widget\" data-widget_type=\"text-editor.default\">\n\t\t\t\t<div class=\"elementor-widget-container\">\n\t\t\t<style>\/*! elementor - v3.18.0 - 20-12-2023 *\/\n.elementor-widget-text-editor.elementor-drop-cap-view-stacked .elementor-drop-cap{background-color:#69727d;color:#fff}.elementor-widget-text-editor.elementor-drop-cap-view-framed .elementor-drop-cap{color:#69727d;border:3px solid;background-color:transparent}.elementor-widget-text-editor:not(.elementor-drop-cap-view-default) .elementor-drop-cap{margin-top:8px}.elementor-widget-text-editor:not(.elementor-drop-cap-view-default) .elementor-drop-cap-letter{width:1em;height:1em}.elementor-widget-text-editor .elementor-drop-cap{float:left;text-align:center;line-height:1;font-size:50px}.elementor-widget-text-editor .elementor-drop-cap-letter{display:inline-block}<\/style>\t\t\t\t<p><strong>EDITEUR<\/strong><br \/>Sabine Engel &amp; Nicolas Schwartz<\/p><ul><li>Adresse : 2B Rue Saint-Michel, 57910 Neufgrange<\/li><li>T\u00e9l : 06 59 44 12 54(gratuit)<\/li><\/ul><p>Directeur de la publication : <strong>S<\/strong><b>abine Engel<\/b><\/p><p>Tous les \u00e9l\u00e9ments du site internet https:\/\/osteopathes-neufgrange.fr\/ sont la propri\u00e9t\u00e9 exclusive de Sabine Engel &amp; Nicolas Schwartz, et sont prot\u00e9g\u00e9s par les lois fran\u00e7aises et internationales relatives \u00e0 la propri\u00e9t\u00e9 intellectuelle.<br \/>Toute utilisation, reproduction, exploitation ou rediffusion, \u00e0 quelque titre que ce soit et notamment \u00e0 des fins publicitaires, m\u00eame partiellement, de ces \u00e9l\u00e9ments du Site internet quels qu\u2019ils soient (logiciels, visuels, sonores,\u2026) est strictement interdite.<br \/>La cr\u00e9ation ou l\u2019insertion de tout hyperlien quel qu\u2019il soit (lien hypertexte simple, profond, etc.) qui renverrait ou pointerait vers l\u2019une quelconques des pages du site internet https:\/\/osteopathes-neufgrange.fr\/est strictement interdite sans un accord pr\u00e9alable, \u00e9crit et expr\u00e8s de Sabine Engel &amp; Nicolas Schwartz.<\/p><p><strong>H\u00c9BERGEUR<\/strong><br \/>https:\/\/www.ionos.fr\/<\/p><p><strong>RESPONSABILITE<\/strong><br \/>Sabine Engel &amp; Nicolas Schwartz d\u00e9gage toute responsabilit\u00e9 en cas de dommages inh\u00e9rents ou provoqu\u00e9s par l\u2019utilisation du r\u00e9seau Internet, notamment en ce qui concerne l\u2019acc\u00e8s et l\u2019utilisation du site internet https:\/\/osteopathes-neufgrange.fr\/<\/p>\t\t\t\t\t\t<\/div>\n\t\t\t\t<\/div>\n\t\t\t\t\t<\/div>\n\t\t\t\t<\/div>\n\t\t\t\t\t\t\t<\/div>\n\t\t","protected":false},"excerpt":{"rendered":"<p>EDITEURSabine Engel &amp; Nicolas Schwartz Adresse : 2B Rue Saint-Michel, 57910 Neufgrange T\u00e9l : 06 59 44 12 54(gratuit) Directeur de la publication : Sabine Engel Tous les \u00e9l\u00e9ments du site internet https:\/\/osteopathes-neufgrange.fr\/ sont la propri\u00e9t\u00e9 exclusive de Sabine Engel &amp; Nicolas Schwartz, et sont prot\u00e9g\u00e9s par les lois fran\u00e7aises et internationales relatives \u00e0 la [&hellip;]<\/p>\n","protected":false},"author":1,"featured_media":0,"parent":0,"menu_order":0,"comment_status":"closed","ping_status":"closed","template":"","meta":{"footnotes":""},"class_list":["post-26","page","type-page","status-publish","hentry","entry"],"yoast_head":"<!-- This site is optimized with the Yoast SEO plugin v21.7 - https:\/\/yoast.com\/wordpress\/plugins\/seo\/ -->\n<title>Mentions L\u00e9gales - Ost\u00e9opathes Neufgrange<\/title>\n<meta name=\"robots\" content=\"index, follow, max-snippet:-1, max-image-preview:large, max-video-preview:-1\" \/>\n<link rel=\"canonical\" href=\"https:\/\/osteopathes-neufgrange.fr\/?page_id=26\" \/>\n<meta property=\"og:locale\" content=\"fr_FR\" \/>\n<meta property=\"og:type\" content=\"article\" \/>\n<meta property=\"og:title\" content=\"Mentions L\u00e9gales - Ost\u00e9opathes Neufgrange\" \/>\n<meta property=\"og:description\" content=\"EDITEURSabine Engel &amp; Nicolas Schwartz Adresse : 2B Rue Saint-Michel, 57910 Neufgrange T\u00e9l : 06 59 44 12 54(gratuit) Directeur de la publication : Sabine Engel Tous les \u00e9l\u00e9ments du site internet https:\/\/osteopathes-neufgrange.fr\/ sont la propri\u00e9t\u00e9 exclusive de Sabine Engel &amp; Nicolas Schwartz, et sont prot\u00e9g\u00e9s par les lois fran\u00e7aises et internationales relatives \u00e0 la [&hellip;]\" \/>\n<meta property=\"og:url\" content=\"https:\/\/osteopathes-neufgrange.fr\/?page_id=26\" \/>\n<meta property=\"og:site_name\" content=\"Ost\u00e9opathes Neufgrange\" \/>\n<meta property=\"article:modified_time\" content=\"2024-01-21T18:39:20+00:00\" \/>\n<meta name=\"twitter:card\" content=\"summary_large_image\" \/>\n<meta name=\"twitter:label1\" content=\"Dur\u00e9e de lecture estim\u00e9e\" \/>\n\t<meta name=\"twitter:data1\" content=\"1 minute\" \/>\n<script type=\"application\/ld+json\" class=\"yoast-schema-graph\">{\"@context\":\"https:\/\/schema.org\",\"@graph\":[{\"@type\":\"WebPage\",\"@id\":\"https:\/\/osteopathes-neufgrange.fr\/?page_id=26\",\"url\":\"https:\/\/osteopathes-neufgrange.fr\/?page_id=26\",\"name\":\"Mentions L\u00e9gales - Ost\u00e9opathes Neufgrange\",\"isPartOf\":{\"@id\":\"https:\/\/osteopathes-neufgrange.fr\/#website\"},\"datePublished\":\"2023-10-11T14:07:52+00:00\",\"dateModified\":\"2024-01-21T18:39:20+00:00\",\"breadcrumb\":{\"@id\":\"https:\/\/osteopathes-neufgrange.fr\/?page_id=26#breadcrumb\"},\"inLanguage\":\"fr-FR\",\"potentialAction\":[{\"@type\":\"ReadAction\",\"target\":[\"https:\/\/osteopathes-neufgrange.fr\/?page_id=26\"]}]},{\"@type\":\"BreadcrumbList\",\"@id\":\"https:\/\/osteopathes-neufgrange.fr\/?page_id=26#breadcrumb\",\"itemListElement\":[{\"@type\":\"ListItem\",\"position\":1,\"name\":\"Accueil\",\"item\":\"https:\/\/osteopathes-neufgrange.fr\/\"},{\"@type\":\"ListItem\",\"position\":2,\"name\":\"Mentions L\u00e9gales\"}]},{\"@type\":\"WebSite\",\"@id\":\"https:\/\/osteopathes-neufgrange.fr\/#website\",\"url\":\"https:\/\/osteopathes-neufgrange.fr\/\",\"name\":\"Ost\u00e9opathes Neufgrange\",\"description\":\"\",\"publisher\":{\"@id\":\"https:\/\/osteopathes-neufgrange.fr\/#organization\"},\"potentialAction\":[{\"@type\":\"SearchAction\",\"target\":{\"@type\":\"EntryPoint\",\"urlTemplate\":\"https:\/\/osteopathes-neufgrange.fr\/?s={search_term_string}\"},\"query-input\":\"required name=search_term_string\"}],\"inLanguage\":\"fr-FR\"},{\"@type\":\"Organization\",\"@id\":\"https:\/\/osteopathes-neufgrange.fr\/#organization\",\"name\":\"Ost\u00e9opathes Neufgrange\",\"url\":\"https:\/\/osteopathes-neufgrange.fr\/\",\"logo\":{\"@type\":\"ImageObject\",\"inLanguage\":\"fr-FR\",\"@id\":\"https:\/\/osteopathes-neufgrange.fr\/#\/schema\/logo\/image\/\",\"url\":\"https:\/\/osteopathes-neufgrange.fr\/wp-content\/uploads\/2024\/03\/cropped-20240318-logo-def-sabine-engel.png\",\"contentUrl\":\"https:\/\/osteopathes-neufgrange.fr\/wp-content\/uploads\/2024\/03\/cropped-20240318-logo-def-sabine-engel.png\",\"width\":1366,\"height\":502,\"caption\":\"Ost\u00e9opathes Neufgrange\"},\"image\":{\"@id\":\"https:\/\/osteopathes-neufgrange.fr\/#\/schema\/logo\/image\/\"}}]}<\/script>\n<!-- \/ Yoast SEO plugin. -->","yoast_head_json":{"title":"Mentions L\u00e9gales - Ost\u00e9opathes Neufgrange","robots":{"index":"index","follow":"follow","max-snippet":"max-snippet:-1","max-image-preview":"max-image-preview:large","max-video-preview":"max-video-preview:-1"},"canonical":"https:\/\/osteopathes-neufgrange.fr\/?page_id=26","og_locale":"fr_FR","og_type":"article","og_title":"Mentions L\u00e9gales - Ost\u00e9opathes Neufgrange","og_description":"EDITEURSabine Engel &amp; Nicolas Schwartz Adresse : 2B Rue Saint-Michel, 57910 Neufgrange T\u00e9l : 06 59 44 12 54(gratuit) Directeur de la publication : Sabine Engel Tous les \u00e9l\u00e9ments du site internet https:\/\/osteopathes-neufgrange.fr\/ sont la propri\u00e9t\u00e9 exclusive de Sabine Engel &amp; Nicolas Schwartz, et sont prot\u00e9g\u00e9s par les lois fran\u00e7aises et internationales relatives \u00e0 la [&hellip;]","og_url":"https:\/\/osteopathes-neufgrange.fr\/?page_id=26","og_site_name":"Ost\u00e9opathes Neufgrange","article_modified_time":"2024-01-21T18:39:20+00:00","twitter_card":"summary_large_image","twitter_misc":{"Dur\u00e9e de lecture estim\u00e9e":"1 minute"},"schema":{"@context":"https:\/\/schema.org","@graph":[{"@type":"WebPage","@id":"https:\/\/osteopathes-neufgrange.fr\/?page_id=26","url":"https:\/\/osteopathes-neufgrange.fr\/?page_id=26","name":"Mentions L\u00e9gales - Ost\u00e9opathes Neufgrange","isPartOf":{"@id":"https:\/\/osteopathes-neufgrange.fr\/#website"},"datePublished":"2023-10-11T14:07:52+00:00","dateModified":"2024-01-21T18:39:20+00:00","breadcrumb":{"@id":"https:\/\/osteopathes-neufgrange.fr\/?page_id=26#breadcrumb"},"inLanguage":"fr-FR","potentialAction":[{"@type":"ReadAction","target":["https:\/\/osteopathes-neufgrange.fr\/?page_id=26"]}]},{"@type":"BreadcrumbList","@id":"https:\/\/osteopathes-neufgrange.fr\/?page_id=26#breadcrumb","itemListElement":[{"@type":"ListItem","position":1,"name":"Accueil","item":"https:\/\/osteopathes-neufgrange.fr\/"},{"@type":"ListItem","position":2,"name":"Mentions L\u00e9gales"}]},{"@type":"WebSite","@id":"https:\/\/osteopathes-neufgrange.fr\/#website","url":"https:\/\/osteopathes-neufgrange.fr\/","name":"Ost\u00e9opathes Neufgrange","description":"","publisher":{"@id":"https:\/\/osteopathes-neufgrange.fr\/#organization"},"potentialAction":[{"@type":"SearchAction","target":{"@type":"EntryPoint","urlTemplate":"https:\/\/osteopathes-neufgrange.fr\/?s={search_term_string}"},"query-input":"required name=search_term_string"}],"inLanguage":"fr-FR"},{"@type":"Organization","@id":"https:\/\/osteopathes-neufgrange.fr\/#organization","name":"Ost\u00e9opathes Neufgrange","url":"https:\/\/osteopathes-neufgrange.fr\/","logo":{"@type":"ImageObject","inLanguage":"fr-FR","@id":"https:\/\/osteopathes-neufgrange.fr\/#\/schema\/logo\/image\/","url":"https:\/\/osteopathes-neufgrange.fr\/wp-content\/uploads\/2024\/03\/cropped-20240318-logo-def-sabine-engel.png","contentUrl":"https:\/\/osteopathes-neufgrange.fr\/wp-content\/uploads\/2024\/03\/cropped-20240318-logo-def-sabine-engel.png","width":1366,"height":502,"caption":"Ost\u00e9opathes Neufgrange"},"image":{"@id":"https:\/\/osteopathes-neufgrange.fr\/#\/schema\/logo\/image\/"}}]}},"_links":{"self":[{"href":"https:\/\/osteopathes-neufgrange.fr\/index.php?rest_route=\/wp\/v2\/pages\/26","targetHints":{"allow":["GET"]}}],"collection":[{"href":"https:\/\/osteopathes-neufgrange.fr\/index.php?rest_route=\/wp\/v2\/pages"}],"about":[{"href":"https:\/\/osteopathes-neufgrange.fr\/index.php?rest_route=\/wp\/v2\/types\/page"}],"author":[{"embeddable":true,"href":"https:\/\/osteopathes-neufgrange.fr\/index.php?rest_route=\/wp\/v2\/users\/1"}],"replies":[{"embeddable":true,"href":"https:\/\/osteopathes-neufgrange.fr\/index.php?rest_route=%2Fwp%2Fv2%2Fcomments&post=26"}],"version-history":[{"count":7,"href":"https:\/\/osteopathes-neufgrange.fr\/index.php?rest_route=\/wp\/v2\/pages\/26\/revisions"}],"predecessor-version":[{"id":530,"href":"https:\/\/osteopathes-neufgrange.fr\/index.php?rest_route=\/wp\/v2\/pages\/26\/revisions\/530"}],"wp:attachment":[{"href":"https:\/\/osteopathes-neufgrange.fr\/index.php?rest_route=%2Fwp%2Fv2%2Fmedia&parent=26"}],"curies":[{"name":"wp","href":"https:\/\/api.w.org\/{rel}","templated":true}]}}